2*d - d + 957. What is the units digit of t?
8
What is the tens digit of (-2016)/(-15) + (-8)/20?
3
Let i(h) = 7*h**2 + 2*h + 1. Let j be i(-1). Suppose -53 = -4*y - g, -1 = y + j*g - g. What is the tens digit of y?
1
What is the tens digit of (-75)/(-2) + 16/(-32)?
3
Let x(z) = z**3 - 4*z**2 - 5*z + 2. Let v be x(5). Suppose -u = 4*q + 24, 5 = 2*u - 3*q - v. What is the units digit of (2/u)/((-1)/18)?
9
Suppose o - 4*k = 58, 3*o = -0*o - 4*k + 222. What is the tens digit of o?
7
Let w(x) = -3*x - 3. Let n(b) = 8*b + 8. Let o(f) = -4*n(f) - 11*w(f). Let v be o(-1). Suppose c - 2 - 7 = v. What is the units digit of c?
9
Let v = 16 + -5. What is the units digit of v?
1
Suppose -4*l + 0*l + 68 = 2*t, 3*t = -l + 117. Suppose p + p = -t. Let i = 32 + p. What is the units digit of i?
2
Let r be ((-2)/(-2) + -6)/(-1). Let w = r + 3. What is the units digit of w*3*2/12?
4
Let o(c) = -c**2 + 7*c - 1. Let j be o(7). Let s = 19 + j. What is the tens digit of s?
1
Let c(b) = -b**3 + 8*b**2 - 8*b + 9. Let u = -1 + 8. Let s be c(u). What is the tens digit of (s + -8 - -1)*-2?
1
Let a be 2/(-4)*3*-2. Let g(b) = -b**2 + 3*b. Let i be g(a). Suppose -5*s - 4*q = -32, -3*s + i*s - 2*q = -18. What is the units digit of s?
4
Let r = 23 + 6. Let n = r - 14. Suppose z = 1 + n. What is the tens digit of z?
1
Let o = -223 + 355. Suppose -5*p + 42 = -5*x + o, -3*p = -2*x + 41. What is the tens digit of x?
1
Suppose 4*p = 2 + 14. What is the units digit of p?
4
Let z(w) be the first derivative of -w**2/2 - w - 1. Let n be z(-5). Suppose 0 = -2*m + n*m - 4. What is the units digit of m?
2
Suppose 4*n + 2*a = -3*a + 33, -3*a + 15 = 0. Let i be 3/1*(-4)/(-6). Suppose i*z - n = 4. What is the units digit of z?
3
Let o(n) = n - 1. Let k be o(3). Suppose 5*y - r - 81 = -3*r, 5*y - k*r - 89 = 0. What is the units digit of y?
7
Let l(w) = -w**3 - 4*w**2 + 6*w. Let c be l(-7). Suppose -c - 35 = -4*x. What is the units digit of x?
5
Suppose 4*r = 187 - 31. What is the tens digit of r?
3
Let y = -133 - -157. What is the tens digit of y?
2
Let u(o) = -o**2 + 5*o - 3. Let z be u(4). Let s = z - 1. Suppose i + 2*d + 3*d + 21 = s, -11 = i + 3*d. What is the units digit of i?
4
Let q(j) = 10*j - 2. Let a be q(5). Suppose 4*o = -0*o + 16. Suppose g - 22 = -3*y, -2*g - o*y = -a + 14. What is the units digit of g?
7
Let q = 22 - 10. What is the tens digit of q?
1
Suppose h - 5*h - 5*s = -45, -3*h + 3*s = -54. What is the tens digit of h?
1
Suppose -3*h - 2*h = -95. Let l = h + -13. What is the units digit of l?
6
Let v = 35 + -21. What is the units digit of v/49*(-7)/(-2)?
1
Suppose u - 5 = -h - 0*u, 0 = 3*h - u + 5. Let g be 0 - (1 - -2 - -1). Let s = h - g. What is the units digit of s?
4
Let d(v) = -5*v**2 + 12*v - 15. Let l(j) = -4*j**2 + 11*j - 14. Let p(o) = 5*d(o) - 6*l(o). Let m be p(-7). Let g = m + 4. What is the units digit of g?
6
Suppose -14 = -4*b + 2*t, b - 5*t - 19 = -b. Let a = 2 + b. Suppose -a*h - 35 = -9*h. What is the units digit of h?
7
Let q(j) = j + 8. Let z = 79 + -55. Suppose 4*r - 5*p + z = 0, -p = -3*p. What is the units digit of q(r)?
2
Let i be ((-9)/6)/((-1)/42). Suppose -62 = -5*j + i. What is the tens digit of j?
2
Suppose 0 = -2*i - 61 + 371. What is the tens digit of i?
5
Suppose -4*a + 105 = -i, -4*a + i + 53 = -2*a. What is the tens digit of a?
2
Let i(f) = 8*f - 3 + 0*f - 3*f**3 - 6*f**2 - 1 + 4*f**3. What is the tens digit of i(5)?
1
Let d = -62 + 96. What is the tens digit of d?
3
Let j be 68 - -8*(-3)/(-6). Suppose 3*r - 60 = -3*n - 0*r, -r - j = -3*n. What is the tens digit of n?
2
Suppose -q + 4*q + 26 = 4*v, 0 = 2*v - 3*q - 10. What is the units digit of v?
8
Let k(w) be the second derivative of w**4 + 4*w. What is the tens digit of k(-1)?
1
What is the units digit of 3 - (-33 + 2) - 2?
2
Suppose -j + 20 = -4. What is the units digit of j?
4
Suppose 0 = -0*h + 3*h. Suppose h = -z + l + 19, -2*l - 62 = -3*z - 10. What is the units digit of z?
4
Let h(r) be the third derivative of r**5/60 - r**4/24 + r**3/2 + r**2. What is the units digit of h(4)?
5
Suppose b + 2*g - 13 = 0, 3*b + g - 18 = 26. Suppose -3*q + b + 42 = 0. What is the units digit of q?
9
Let i(o) be the third derivative of o**6/120 + o**5/30 + o**3/3 - 2*o**2. Let p be i(-2). Suppose 2*a - 6 = -p, 4*a = 4*z - 24. What is the units digit of z?
8
Let c be -2*2/4 - 2. What is the units digit of 2/(35/11 + c)?
1
Let z(n) = -6*n**3 + 2*n**2 + 3*n - 3. What is the units digit of z(-3)?
8
Suppose -3*v + 5*v = 244. Suppose 5*o - v = 3*b, -b = -3*o - 0*b + 74. What is the tens digit of o?
2
What is the units digit of 1*-2 - 4/(-1)?
2
Suppose -3*f - q + 234 = 0, -2*f - q + 39 + 117 = 0. What is the units digit of f?
8
Suppose -3*t + 5*t - 3*q - 3 = 0, 27 = -2*t - 3*q. Let b be (4/t)/((-3)/36). Let s = 16 - b. What is the units digit of s?
8
Suppose -2*t = t + 12. Let d be 2/9 + 140/18. Let s = t + d. What is the units digit of s?
4
Suppose 8*x + 12 = 4*x, 1647 = 5*b - 4*x. What is the hundreds digit of b?
3
Let z = 14 + -21. What is the units digit of -5*1*(-10 - z)?
5
Let z = 26 - 89. What is the tens digit of z/6*(-12)/7?
1
Let m be ((-4)/6)/((-2)/9). Suppose 35 = 2*x + m*x. What is the units digit of x?
7
Suppose -g - g = -30. Suppose o - g = -4*o. Suppose -b = -0*b - o. What is the units digit of b?
3
Let u be ((-6)/(-4))/(6/8). Suppose -5*t = 3*b + b - 1, 2*b - u*t = 14. What is the units digit of b?
4
Suppose -4*r + 58 = -5*c + 622, -4 = -r. What is the hundreds digit of c?
1
Let m(t) = -t - 5. What is the units digit of m(-6)?
1
Let o = 1 + 2. Let c = o + 0. Suppose 2*j + c*j + 4*x = 41, j - 2*x = -3. What is the units digit of j?
5
Let n(o) = 15*o**2 + o - 1. Let f be n(1). Suppose 3 = 2*y + 9, f = 2*g - y. What is the units digit of g?
6
Let s(b) be the second derivative of 1/2*b**2 - 1/6*b**3 + 0 + b. What is the units digit of s(-1)?
2
Suppose h = 3 - 1, h = -3*p + 587. What is the units digit of p?
5
Let c(q) = 3*q**3 + 2*q**3 + 1 - 6*q**2 - 6 - 7*q. Let z(p) = -4*p**3 + 6*p**2 + 7*p + 4. Let r(d) = 3*c(d) + 4*z(d). What is the units digit of r(7)?
1
Let s(l) be the third derivative of l**5/20 - 11*l**4/24 - l**3/3 - 2*l**2. What is the units digit of s(6)?
0
Let t(y) = y - 6. Let w be t(3). Let f = w - -4. Let j(m) = 15*m**2 - m. What is the tens digit of j(f)?
1
Let u = 61 + -36. Suppose 5*l - 40 = u. What is the tens digit of l?
1
Suppose -3*s = r + 3*r + 78, 0 = -2*r + 5*s - 26. Let h = 41 - 69. Let v = r - h. What is the units digit of v?
0
Let x = -6 + 10. What is the units digit of (1 + 0)/(x/52)?
3
Let v be (-64)/(-28) + 2/(-7). Suppose 2*i + 0*i - 2*r = 46, v*i - 4*r - 56 = 0. What is the units digit of i?
8
Suppose -23*d + 372 = -21*d. What is the units digit of d?
6
Let f = -9 + 9. Let q(t) = t + 10. What is the tens digit of q(f)?
1
Suppose 0 = -6*h + 3*h + 30. Suppose -5*n = -2*q - 13, 2*q - 22 = -2*n - 0. What is the tens digit of q/(2 - 16/h)?
1
Let o be 0 + 1 + 48/(-3). Let d = 27 + o. Suppose d = -0*z + 3*z. What is the units digit of z?
4
Suppose -4 = -4*k, 2*k + 28 = -4*p + 90. Suppose 0*t + 4*t = 12. What is the units digit of (-1 + 5/t)*p?
0
Let u(n) = -n**2 - 9*n - 4. Let i be u(-8). Let q(y) = 4*y + 2 + 3*y - i*y. What is the units digit of q(3)?
1
Let r(p) = 13*p + 19. Let j(x) = -9*x - 13. Let k(q) = 8*j(q) + 5*r(q). What is the tens digit of k(-4)?
1
Let q = -69 + -23. Let k = 133 + q. What is the tens digit of k?
4
Suppose 11 = 3*g + 5*d - 2, -1 = 3*g - 2*d. What is the units digit of (2 + 1 + g)*5?
0
What is the units digit of (-32)/(-6) - (-6)/9?
6
Let y(l) = 9*l - 8. What is the tens digit of y(4)?
2
Let o be 6/9*(-108)/(-8). Let f(p) = p**2 - 3*p - 2. Let g be f(4). Suppose -g*d - d = 3*y, -2*d = -y + o. What is the units digit of y?
3
Suppose 2*b = -6, -5*b - 8 - 11 = -o. Suppose 4*s - o*i = 32, 0 = -s + 2*s + 4*i - 18. Let p = s - 6. What is the units digit of p?
4
Suppose 4*o + o - v - 65 = 0, 4*v - 48 = -2*o. What is the units digit of o?
4
Let q(t) = 5*t + 4. Let g be q(6). Suppose 3*b = b + g. What is the units digit of b?
7
Let i(m) = 19*m**3 - m**2 + m. What is the tens digit of i(1)?
1
Suppose 4*r = 4*c + 509 + 303, -3*r - 2*c + 594 = 0. What is the units digit of r?
0
Suppose -c = 4*c. Suppose r + r = c. Suppose 0 = 3*b - n - 19, b + n 